{"id":42900,"date":"2026-02-19T06:51:40","date_gmt":"2026-02-19T06:51:40","guid":{"rendered":"https:\/\/www.mfreg.com\/?post_type=agent&#038;p=42900"},"modified":"2026-02-26T09:18:12","modified_gmt":"2026-02-26T09:18:12","slug":"ayelet-weys-kalmanovitz","status":"publish","type":"agent","link":"https:\/\/www.mfreg.com\/fr\/agent\/ayelet-weys-kalmanovitz\/","title":{"rendered":"Ayelet Weys Kalmanovitz"},"content":{"rendered":"<div class=\"flex flex-col text-sm\">\n<article class=\"text-token-text-primary w-full focus:outline-none [--shadow-height:45px] has-data-writing-block:pointer-events-none has-data-writing-block:-mt-(--shadow-height) has-data-writing-block:pt-(--shadow-height) [&amp;:has([data-writing-block])&gt;*]:pointer-events-auto scroll-mt-[calc(var(--header-height)+min(200px,max(70px,20svh)))]\" dir=\"auto\" tabindex=\"-1\" data-turn-id=\"request-6992d2bc-d480-8333-a974-ec2040851505-9\" data-testid=\"conversation-turn-84\" data-scroll-anchor=\"true\" data-turn=\"assistant\">\n<div class=\"text-base my-auto mx-auto pb-10 [--thread-content-margin:--spacing(4)] @w-sm\/main:[--thread-content-margin:--spacing(6)] @w-lg\/main:[--thread-content-margin:--spacing(16)] px-(--thread-content-margin)\">\n<div class=\"[--thread-content-max-width:40rem] @w-lg\/main:[--thread-content-max-width:48rem] mx-auto max-w-(--thread-content-max-width) flex-1 group\/turn-messages focus-visible:outline-hidden relative flex w-full min-w-0 flex-col agent-turn\" tabindex=\"-1\">\n<div class=\"flex max-w-full flex-col grow\">\n<div class=\"min-h-8 text-message relative flex w-full flex-col items-end gap-2 text-start break-words whitespace-normal [.text-message+&amp;]:mt-1\" dir=\"auto\" data-message-author-role=\"assistant\" data-message-id=\"5d539f65-d145-459e-b0d8-a885fecd4931\" data-message-model-slug=\"gpt-5-2\">\n<div class=\"flex w-full flex-col gap-1 empty:hidden first:pt-[1px]\">\n<div class=\"markdown prose dark:prose-invert w-full wrap-break-word light markdown-new-styling\">\n<p data-start=\"0\" data-end=\"825\">Ayelet vit \u00e0 <span class=\"hover:entity-accent entity-underline inline cursor-pointer align-baseline\"><span class=\"whitespace-normal\">C\u00e9sar\u00e9e<\/span><\/span> depuis pr\u00e8s de 30 ans et conna\u00eet parfaitement la r\u00e9gion et ses environs. Elle apporte une perspective unique \u00e0 l\u2019immobilier de luxe, fa\u00e7onn\u00e9e par ses d\u00e9buts professionnels dans le design d\u2019int\u00e9rieur. Apr\u00e8s de nombreuses ann\u00e9es \u00e0 travailler \u00e9troitement avec les espaces, l\u2019esth\u00e9tique et la mani\u00e8re dont les gens vivent dans leur maison, elle a reconnu le lien puissant entre le design et l\u2019immobilier. Elle a compris que de nombreux acheteurs ont du mal \u00e0 percevoir tout le potentiel d\u2019un bien, ce qui peut \u00eatre transform\u00e9, adapt\u00e9 ou r\u00e9invent\u00e9 pour correspondre \u00e0 leur style de vie. Cette prise de conscience est devenue le fondement de sa valeur ajout\u00e9e : la capacit\u00e9 de regarder au-del\u00e0 de ce qu\u2019une propri\u00e9t\u00e9 est aujourd\u2019hui et de voir clairement ce qu\u2019elle peut devenir.<\/p>\n<p data-start=\"827\" data-end=\"1579\">En se tournant vers le monde de l\u2019immobilier, Ayelet a rapidement affirm\u00e9 sa voix et sa r\u00e9putation sur le march\u00e9. Connue pour sa connaissance approfondie de C\u00e9sar\u00e9e et de son march\u00e9 immobilier de luxe, elle aborde chaque relation client avec calme, professionnalisme, discr\u00e9tion et une attention sinc\u00e8re. Ses clients disent souvent que travailler avec elle ressemble davantage \u00e0 \u00e9changer avec une conseill\u00e8re de confiance, voire une psychologue,\u00a0 qu\u2019avec une agente immobili\u00e8re : quelqu\u2019un qui \u00e9coute vraiment, comprend et guide chacun vers exactement ce dont il a besoin. Au fil des ann\u00e9es, cette approche r\u00e9fl\u00e9chie lui a permis de b\u00e2tir un solide r\u00e9seau de clients fid\u00e8les et satisfaits, qui appr\u00e9cient autant son expertise que son approche humaine.<\/p>\n<p data-start=\"1581\" data-end=\"1885\" data-is-last-node=\"\" data-is-only-node=\"\">Parlant couramment l\u2019h\u00e9breu et l\u2019anglais, Ayelet accompagne une client\u00e8le locale et internationale vari\u00e9e. Son approche repose sur l\u2019honn\u00eatet\u00e9, une connaissance approfondie du march\u00e9 et beaucoup de patience, afin que chaque client se sente en confiance, bien inform\u00e9 et soutenu tout au long du processus.<\/p>\n<\/div>\n<\/div>\n<\/div>\n<\/div>\n<div class=\"z-0 flex min-h-[46px] justify-start\"><\/div>\n<div class=\"mt-3 w-full empty:hidden\">\n<div class=\"text-center\"><\/div>\n<\/div>\n<\/div>\n<\/div>\n<\/article>\n<\/div>\n<div class=\"pointer-events-none h-px w-px absolute bottom-0\" aria-hidden=\"true\" data-edge=\"true\"><\/div>\n<p data-start=\"1819\" data-end=\"1883\" data-is-last-node=\"\" data-is-only-node=\"\">\n","protected":false},"featured_media":42908,"template":"","class_list":["post-42900","agent","type-agent","status-publish","has-post-thumbnail","hentry"],"acf":[],"yoast_head":"<!-- This site is optimized with the Yoast SEO plugin v27.4 - https:\/\/yoast.com\/product\/yoast-seo-wordpress\/ -->\n<title>Ayelet Weys Kalmanovitz - Montefiore Real Estate Group<\/title>\n<meta name=\"robots\" content=\"index, follow, max-snippet:-1, max-image-preview:large, max-video-preview:-1\" \/>\n<link rel=\"canonical\" href=\"https:\/\/www.mfreg.com\/fr\/agent\/ayelet-weys-kalmanovitz\/\" \/>\n<meta property=\"og:locale\" content=\"fr_FR\" \/>\n<meta property=\"og:type\" content=\"article\" \/>\n<meta property=\"og:title\" content=\"Ayelet Weys Kalmanovitz - Montefiore Real Estate Group\" \/>\n<meta property=\"og:description\" content=\"Ayelet vit \u00e0 C\u00e9sar\u00e9e depuis pr\u00e8s de 30 ans et conna\u00eet parfaitement la r\u00e9gion et ses environs. Elle apporte une perspective unique \u00e0 l\u2019immobilier de luxe, fa\u00e7onn\u00e9e par ses d\u00e9buts professionnels dans le design d\u2019int\u00e9rieur. Apr\u00e8s de nombreuses ann\u00e9es \u00e0 travailler \u00e9troitement avec les espaces, l\u2019esth\u00e9tique et la mani\u00e8re dont les gens vivent dans leur [&hellip;]\" \/>\n<meta property=\"og:url\" content=\"https:\/\/www.mfreg.com\/fr\/agent\/ayelet-weys-kalmanovitz\/\" \/>\n<meta property=\"og:site_name\" content=\"Montefiore Real Estate Group\" \/>\n<meta property=\"article:modified_time\" content=\"2026-02-26T09:18:12+00:00\" \/>\n<meta property=\"og:image\" content=\"https:\/\/www.mfreg.com\/wp-content\/uploads\/2026\/02\/WhatsApp-Image-2026-02-19-at-08.56.33.jpeg\" \/>\n\t<meta property=\"og:image:width\" content=\"213\" \/>\n\t<meta property=\"og:image:height\" content=\"234\" \/>\n\t<meta property=\"og:image:type\" content=\"image\/jpeg\" \/>\n<meta name=\"twitter:card\" content=\"summary_large_image\" \/>\n<meta name=\"twitter:label1\" content=\"Dur\u00e9e de lecture estim\u00e9e\" \/>\n\t<meta name=\"twitter:data1\" content=\"2 minutes\" \/>\n<script type=\"application\/ld+json\" class=\"yoast-schema-graph\">{\"@context\":\"https:\\\/\\\/schema.org\",\"@graph\":[{\"@type\":\"WebPage\",\"@id\":\"https:\\\/\\\/www.mfreg.com\\\/fr\\\/agent\\\/ayelet-weys-kalmanovitz\\\/\",\"url\":\"https:\\\/\\\/www.mfreg.com\\\/fr\\\/agent\\\/ayelet-weys-kalmanovitz\\\/\",\"name\":\"Ayelet Weys Kalmanovitz - Montefiore Real Estate Group\",\"isPartOf\":{\"@id\":\"https:\\\/\\\/www.mfreg.com\\\/fr\\\/#website\"},\"primaryImageOfPage\":{\"@id\":\"https:\\\/\\\/www.mfreg.com\\\/fr\\\/agent\\\/ayelet-weys-kalmanovitz\\\/#primaryimage\"},\"image\":{\"@id\":\"https:\\\/\\\/www.mfreg.com\\\/fr\\\/agent\\\/ayelet-weys-kalmanovitz\\\/#primaryimage\"},\"thumbnailUrl\":\"https:\\\/\\\/www.mfreg.com\\\/wp-content\\\/uploads\\\/2026\\\/02\\\/WhatsApp-Image-2026-02-19-at-08.56.33.jpeg\",\"datePublished\":\"2026-02-19T06:51:40+00:00\",\"dateModified\":\"2026-02-26T09:18:12+00:00\",\"breadcrumb\":{\"@id\":\"https:\\\/\\\/www.mfreg.com\\\/fr\\\/agent\\\/ayelet-weys-kalmanovitz\\\/#breadcrumb\"},\"inLanguage\":\"fr-FR\",\"potentialAction\":[{\"@type\":\"ReadAction\",\"target\":[\"https:\\\/\\\/www.mfreg.com\\\/fr\\\/agent\\\/ayelet-weys-kalmanovitz\\\/\"]}]},{\"@type\":\"ImageObject\",\"inLanguage\":\"fr-FR\",\"@id\":\"https:\\\/\\\/www.mfreg.com\\\/fr\\\/agent\\\/ayelet-weys-kalmanovitz\\\/#primaryimage\",\"url\":\"https:\\\/\\\/www.mfreg.com\\\/wp-content\\\/uploads\\\/2026\\\/02\\\/WhatsApp-Image-2026-02-19-at-08.56.33.jpeg\",\"contentUrl\":\"https:\\\/\\\/www.mfreg.com\\\/wp-content\\\/uploads\\\/2026\\\/02\\\/WhatsApp-Image-2026-02-19-at-08.56.33.jpeg\",\"width\":213,\"height\":234},{\"@type\":\"BreadcrumbList\",\"@id\":\"https:\\\/\\\/www.mfreg.com\\\/fr\\\/agent\\\/ayelet-weys-kalmanovitz\\\/#breadcrumb\",\"itemListElement\":[{\"@type\":\"ListItem\",\"position\":1,\"name\":\"Page d'accueil\",\"item\":\"https:\\\/\\\/www.mfreg.com\\\/fr\\\/\"},{\"@type\":\"ListItem\",\"position\":2,\"name\":\"Ayelet Weys Kalmanovitz\"}]},{\"@type\":\"WebSite\",\"@id\":\"https:\\\/\\\/www.mfreg.com\\\/fr\\\/#website\",\"url\":\"https:\\\/\\\/www.mfreg.com\\\/fr\\\/\",\"name\":\"Montefiore Real Estate Group\",\"description\":\"Montefiore Real Estate Group\",\"alternateName\":\"Montefiore Real Estate Group\",\"potentialAction\":[{\"@type\":\"SearchAction\",\"target\":{\"@type\":\"EntryPoint\",\"urlTemplate\":\"https:\\\/\\\/www.mfreg.com\\\/fr\\\/?s={search_term_string}\"},\"query-input\":{\"@type\":\"PropertyValueSpecification\",\"valueRequired\":true,\"valueName\":\"search_term_string\"}}],\"inLanguage\":\"fr-FR\"}]}<\/script>\n<!-- \/ Yoast SEO plugin. -->","yoast_head_json":{"title":"Ayelet Weys Kalmanovitz - Montefiore Real Estate Group","robots":{"index":"index","follow":"follow","max-snippet":"max-snippet:-1","max-image-preview":"max-image-preview:large","max-video-preview":"max-video-preview:-1"},"canonical":"https:\/\/www.mfreg.com\/fr\/agent\/ayelet-weys-kalmanovitz\/","og_locale":"fr_FR","og_type":"article","og_title":"Ayelet Weys Kalmanovitz - Montefiore Real Estate Group","og_description":"Ayelet vit \u00e0 C\u00e9sar\u00e9e depuis pr\u00e8s de 30 ans et conna\u00eet parfaitement la r\u00e9gion et ses environs. Elle apporte une perspective unique \u00e0 l\u2019immobilier de luxe, fa\u00e7onn\u00e9e par ses d\u00e9buts professionnels dans le design d\u2019int\u00e9rieur. Apr\u00e8s de nombreuses ann\u00e9es \u00e0 travailler \u00e9troitement avec les espaces, l\u2019esth\u00e9tique et la mani\u00e8re dont les gens vivent dans leur [&hellip;]","og_url":"https:\/\/www.mfreg.com\/fr\/agent\/ayelet-weys-kalmanovitz\/","og_site_name":"Montefiore Real Estate Group","article_modified_time":"2026-02-26T09:18:12+00:00","og_image":[{"width":213,"height":234,"url":"https:\/\/www.mfreg.com\/wp-content\/uploads\/2026\/02\/WhatsApp-Image-2026-02-19-at-08.56.33.jpeg","type":"image\/jpeg"}],"twitter_card":"summary_large_image","twitter_misc":{"Dur\u00e9e de lecture estim\u00e9e":"2 minutes"},"schema":{"@context":"https:\/\/schema.org","@graph":[{"@type":"WebPage","@id":"https:\/\/www.mfreg.com\/fr\/agent\/ayelet-weys-kalmanovitz\/","url":"https:\/\/www.mfreg.com\/fr\/agent\/ayelet-weys-kalmanovitz\/","name":"Ayelet Weys Kalmanovitz - Montefiore Real Estate Group","isPartOf":{"@id":"https:\/\/www.mfreg.com\/fr\/#website"},"primaryImageOfPage":{"@id":"https:\/\/www.mfreg.com\/fr\/agent\/ayelet-weys-kalmanovitz\/#primaryimage"},"image":{"@id":"https:\/\/www.mfreg.com\/fr\/agent\/ayelet-weys-kalmanovitz\/#primaryimage"},"thumbnailUrl":"https:\/\/www.mfreg.com\/wp-content\/uploads\/2026\/02\/WhatsApp-Image-2026-02-19-at-08.56.33.jpeg","datePublished":"2026-02-19T06:51:40+00:00","dateModified":"2026-02-26T09:18:12+00:00","breadcrumb":{"@id":"https:\/\/www.mfreg.com\/fr\/agent\/ayelet-weys-kalmanovitz\/#breadcrumb"},"inLanguage":"fr-FR","potentialAction":[{"@type":"ReadAction","target":["https:\/\/www.mfreg.com\/fr\/agent\/ayelet-weys-kalmanovitz\/"]}]},{"@type":"ImageObject","inLanguage":"fr-FR","@id":"https:\/\/www.mfreg.com\/fr\/agent\/ayelet-weys-kalmanovitz\/#primaryimage","url":"https:\/\/www.mfreg.com\/wp-content\/uploads\/2026\/02\/WhatsApp-Image-2026-02-19-at-08.56.33.jpeg","contentUrl":"https:\/\/www.mfreg.com\/wp-content\/uploads\/2026\/02\/WhatsApp-Image-2026-02-19-at-08.56.33.jpeg","width":213,"height":234},{"@type":"BreadcrumbList","@id":"https:\/\/www.mfreg.com\/fr\/agent\/ayelet-weys-kalmanovitz\/#breadcrumb","itemListElement":[{"@type":"ListItem","position":1,"name":"Page d'accueil","item":"https:\/\/www.mfreg.com\/fr\/"},{"@type":"ListItem","position":2,"name":"Ayelet Weys Kalmanovitz"}]},{"@type":"WebSite","@id":"https:\/\/www.mfreg.com\/fr\/#website","url":"https:\/\/www.mfreg.com\/fr\/","name":"Montefiore Real Estate Group","description":"Montefiore Real Estate Group","alternateName":"Montefiore Real Estate Group","potentialAction":[{"@type":"SearchAction","target":{"@type":"EntryPoint","urlTemplate":"https:\/\/www.mfreg.com\/fr\/?s={search_term_string}"},"query-input":{"@type":"PropertyValueSpecification","valueRequired":true,"valueName":"search_term_string"}}],"inLanguage":"fr-FR"}]}},"_links":{"self":[{"href":"https:\/\/www.mfreg.com\/fr\/wp-json\/wp\/v2\/agent\/42900","targetHints":{"allow":["GET"]}}],"collection":[{"href":"https:\/\/www.mfreg.com\/fr\/wp-json\/wp\/v2\/agent"}],"about":[{"href":"https:\/\/www.mfreg.com\/fr\/wp-json\/wp\/v2\/types\/agent"}],"wp:featuredmedia":[{"embeddable":true,"href":"https:\/\/www.mfreg.com\/fr\/wp-json\/wp\/v2\/media\/42908"}],"wp:attachment":[{"href":"https:\/\/www.mfreg.com\/fr\/wp-json\/wp\/v2\/media?parent=42900"}],"curies":[{"name":"wp","href":"https:\/\/api.w.org\/{rel}","templated":true}]}}

<div class="flex flex-col text-sm">
<article class="text-token-text-primary w-full focus:outline-none [--shadow-height:45px] has-data-writing-block:pointer-events-none has-data-writing-block:-mt-(--shadow-height) has-data-writing-block:pt-(--shadow-height) [&amp;:has([data-writing-block])&gt;*]:pointer-events-auto scroll-mt-[calc(var(--header-height)+min(200px,max(70px,20svh)))]" dir="auto" tabindex="-1" data-turn-id="request-6992d2bc-d480-8333-a974-ec2040851505-9" data-testid="conversation-turn-84" data-scroll-anchor="true" data-turn="assistant">
<div class="text-base my-auto mx-auto pb-10 [--thread-content-margin:--spacing(4)] @w-sm/main:[--thread-content-margin:--spacing(6)] @w-lg/main:[--thread-content-margin:--spacing(16)] px-(--thread-content-margin)">
<div class="[--thread-content-max-width:40rem] @w-lg/main:[--thread-content-max-width:48rem] mx-auto max-w-(--thread-content-max-width) flex-1 group/turn-messages focus-visible:outline-hidden relative flex w-full min-w-0 flex-col agent-turn" tabindex="-1">
<div class="flex max-w-full flex-col grow">
<div class="min-h-8 text-message relative flex w-full flex-col items-end gap-2 text-start break-words whitespace-normal [.text-message+&amp;]:mt-1" dir="auto" data-message-author-role="assistant" data-message-id="5d539f65-d145-459e-b0d8-a885fecd4931" data-message-model-slug="gpt-5-2">
<div class="flex w-full flex-col gap-1 empty:hidden first:pt-[1px]">
<div class="markdown prose dark:prose-invert w-full wrap-break-word light markdown-new-styling">
<p data-start="0" data-end="825">Ayelet vit à <span class="hover:entity-accent entity-underline inline cursor-pointer align-baseline"><span class="whitespace-normal">Césarée</span></span> depuis près de 30 ans et connaît parfaitement la région et ses environs. Elle apporte une perspective unique à l’immobilier de luxe, façonnée par ses débuts professionnels dans le design d’intérieur. Après de nombreuses années à travailler étroitement avec les espaces, l’esthétique et la manière dont les gens vivent dans leur maison, elle a reconnu le lien puissant entre le design et l’immobilier. Elle a compris que de nombreux acheteurs ont du mal à percevoir tout le potentiel d’un bien, ce qui peut être transformé, adapté ou réinventé pour correspondre à leur style de vie. Cette prise de conscience est devenue le fondement de sa valeur ajoutée : la capacité de regarder au-delà de ce qu’une propriété est aujourd’hui et de voir clairement ce qu’elle peut devenir.</p>
<p data-start="827" data-end="1579">En se tournant vers le monde de l’immobilier, Ayelet a rapidement affirmé sa voix et sa réputation sur le marché. Connue pour sa connaissance approfondie de Césarée et de son marché immobilier de luxe, elle aborde chaque relation client avec calme, professionnalisme, discrétion et une attention sincère. Ses clients disent souvent que travailler avec elle ressemble davantage à échanger avec une conseillère de confiance, voire une psychologue,  qu’avec une agente immobilière : quelqu’un qui écoute vraiment, comprend et guide chacun vers exactement ce dont il a besoin. Au fil des années, cette approche réfléchie lui a permis de bâtir un solide réseau de clients fidèles et satisfaits, qui apprécient autant son expertise que son approche humaine.</p>
<p data-start="1581" data-end="1885" data-is-last-node="" data-is-only-node="">Parlant couramment l’hébreu et l’anglais, Ayelet accompagne une clientèle locale et internationale variée. Son approche repose sur l’honnêteté, une connaissance approfondie du marché et beaucoup de patience, afin que chaque client se sente en confiance, bien informé et soutenu tout au long du processus.</p>
</div>
</div>
</div>
</div>
<div class="z-0 flex min-h-[46px] justify-start"></div>
<div class="mt-3 w-full empty:hidden">
<div class="text-center"></div>
</div>
</div>
</div>
</article>
</div>
<div class="pointer-events-none h-px w-px absolute bottom-0" aria-hidden="true" data-edge="true"></div>
<p data-start="1819" data-end="1883" data-is-last-node="" data-is-only-node="">

<!-- This site is optimized with the Yoast SEO plugin v27.4 - https://yoast.com/product/yoast-seo-wordpress/ -->
<title>Ayelet Weys Kalmanovitz - Montefiore Real Estate Group</title>
<meta name="robots" content="index, follow, max-snippet:-1, max-image-preview:large, max-video-preview:-1" />
<link rel="canonical" href="https://www.mfreg.com/fr/agent/ayelet-weys-kalmanovitz/" />
<meta property="og:locale" content="fr_FR" />
<meta property="og:type" content="article" />
<meta property="og:title" content="Ayelet Weys Kalmanovitz - Montefiore Real Estate Group" />
<meta property="og:description" content="Ayelet vit à Césarée depuis près de 30 ans et connaît parfaitement la région et ses environs. Elle apporte une perspective unique à l’immobilier de luxe, façonnée par ses débuts professionnels dans le design d’intérieur. Après de nombreuses années à travailler étroitement avec les espaces, l’esthétique et la manière dont les gens vivent dans leur [&hellip;]" />
<meta property="og:url" content="https://www.mfreg.com/fr/agent/ayelet-weys-kalmanovitz/" />
<meta property="og:site_name" content="Montefiore Real Estate Group" />
<meta property="article:modified_time" content="2026-02-26T09:18:12+00:00" />
<meta property="og:image" content="https://www.mfreg.com/wp-content/uploads/2026/02/WhatsApp-Image-2026-02-19-at-08.56.33.jpeg" />
	<meta property="og:image:width" content="213" />
	<meta property="og:image:height" content="234" />
	<meta property="og:image:type" content="image/jpeg" />
<meta name="twitter:card" content="summary_large_image" />
<meta name="twitter:label1" content="Durée de lecture estimée" />
	<meta name="twitter:data1" content="2 minutes" />
<script type="application/ld+json" class="yoast-schema-graph">{"@context":"https:\/\/schema.org","@graph":[{"@type":"WebPage","@id":"https:\/\/www.mfreg.com\/fr\/agent\/ayelet-weys-kalmanovitz\/","url":"https:\/\/www.mfreg.com\/fr\/agent\/ayelet-weys-kalmanovitz\/","name":"Ayelet Weys Kalmanovitz - Montefiore Real Estate Group","isPartOf":{"@id":"https:\/\/www.mfreg.com\/fr\/#website"},"primaryImageOfPage":{"@id":"https:\/\/www.mfreg.com\/fr\/agent\/ayelet-weys-kalmanovitz\/#primaryimage"},"image":{"@id":"https:\/\/www.mfreg.com\/fr\/agent\/ayelet-weys-kalmanovitz\/#primaryimage"},"thumbnailUrl":"https:\/\/www.mfreg.com\/wp-content\/uploads\/2026\/02\/WhatsApp-Image-2026-02-19-at-08.56.33.jpeg","datePublished":"2026-02-19T06:51:40+00:00","dateModified":"2026-02-26T09:18:12+00:00","breadcrumb":{"@id":"https:\/\/www.mfreg.com\/fr\/agent\/ayelet-weys-kalmanovitz\/#breadcrumb"},"inLanguage":"fr-FR","potentialAction":[{"@type":"ReadAction","target":["https:\/\/www.mfreg.com\/fr\/agent\/ayelet-weys-kalmanovitz\/"]}]},{"@type":"ImageObject","inLanguage":"fr-FR","@id":"https:\/\/www.mfreg.com\/fr\/agent\/ayelet-weys-kalmanovitz\/#primaryimage","url":"https:\/\/www.mfreg.com\/wp-content\/uploads\/2026\/02\/WhatsApp-Image-2026-02-19-at-08.56.33.jpeg","contentUrl":"https:\/\/www.mfreg.com\/wp-content\/uploads\/2026\/02\/WhatsApp-Image-2026-02-19-at-08.56.33.jpeg","width":213,"height":234},{"@type":"BreadcrumbList","@id":"https:\/\/www.mfreg.com\/fr\/agent\/ayelet-weys-kalmanovitz\/#breadcrumb","itemListElement":[{"@type":"ListItem","position":1,"name":"Page d'accueil","item":"https:\/\/www.mfreg.com\/fr\/"},{"@type":"ListItem","position":2,"name":"Ayelet Weys Kalmanovitz"}]},{"@type":"WebSite","@id":"https:\/\/www.mfreg.com\/fr\/#website","url":"https:\/\/www.mfreg.com\/fr\/","name":"Montefiore Real Estate Group","description":"Montefiore Real Estate Group","alternateName":"Montefiore Real Estate Group","potentialAction":[{"@type":"SearchAction","target":{"@type":"EntryPoint","urlTemplate":"https:\/\/www.mfreg.com\/fr\/?s={search_term_string}"},"query-input":{"@type":"PropertyValueSpecification","valueRequired":true,"valueName":"search_term_string"}}],"inLanguage":"fr-FR"}]}</script>
<!-- / Yoast SEO plugin. -->

Ayelet vit à Césarée depuis près de 30 ans et connaît parfaitement la région et ses environs. Elle apporte une perspective unique à l’immobilier de luxe, façonnée par ses débuts professionnels dans le design d’intérieur. Après de nombreuses années à travailler étroitement avec les espaces, l’esthétique et la manière dont les gens vivent dans leur [&hellip;]
